{"id":371,"date":"2022-05-23T21:39:50","date_gmt":"2022-05-23T19:39:50","guid":{"rendered":"https:\/\/2022.megabyte.ch\/?page_id=371"},"modified":"2022-05-23T21:41:30","modified_gmt":"2022-05-23T19:41:30","slug":"vorteile","status":"publish","type":"page","link":"https:\/\/megabyte.ch\/?page_id=371","title":{"rendered":"megaBYTE HostedPBX"},"content":{"rendered":"\n<p><\/p>\n\n\n\n<ul class=\"wp-block-list\"><li>Standortunabh\u00e4ngig nutzbar<\/li><li>Preiswerte Telefonie-Komplettl\u00f6sung (schweizweit &gt; 3000 KMU Kunden)<\/li><li>Amtsanschluss voll integriert (unbegrenzte Sprachkan\u00e4le)<\/li><li>Skalierbar von 1 bis 5000 Teilnehmern.<\/li><li>Abdeckung der KMU Anforderungen:<br>&#8211; Zeitgesteuerte Anrufverteilung<br>&#8211; Voicemail<br>&#8211; Sprach- und Videokonferenzl\u00f6sung (inkl. Desktopsharing)<br>&#8211; Alarmierung \/ Evakuationsm\u00f6glichkeit<br>&#8211; Handy App (Das B\u00fcrotelefon ist, wo Sie sind)<br>&#8211; Softphone und Tischtelefone, sowie Dect (Funkt) Telefone m\u00f6glich<br>&#8211; Vollumf\u00e4ngliche Fax-Integration<br>&#8211; Gruppenschaltungen \/ Warteschlaufen<br>&#8211; Aufzeichnen von Anrufen (pro Gespr\u00e4ch oder alle Anrufe)<br>&#8211; Blockieren von unerw\u00fcnschten Anrufern<br>&#8211; Standort\u00fcbergreifend eine Telefonzentrale<\/li><li>Notfallstandort (144, 117, ..) pro Benutzer und\/oder gesamten Anlage routbar.<\/li><li>Standardisiertes Migrationskonzept &amp; transparente Projektumsetzung.<\/li><li>24&#215;7 Unterst\u00fctzung bei Telefonieproblemen.<\/li><li>Mehr als 16 Jahre Erfahrung mit Voice over IP (Internet-Telefonie)<\/li><li>Automatischer Fallback pro Rufnummer auf eine externe Rufnummer bei Ausfall!<\/li><li>Sekundengenaue Abrechnung und keine Setupgeb\u00fchr bei den Gespr\u00e4chsgeb\u00fchren<\/li><\/ul>\n\n\n\n<h2 class=\"wp-block-heading\">PREISE<\/h2>\n\n\n\n<figure class=\"wp-block-table\"><table><tbody><tr><td><strong>Einmalige Kosten<\/strong><br>&nbsp;&nbsp;<\/td><\/tr><tr><td>&nbsp;<\/td><td>Setup megaHosted PBX<\/td><td>CHF 150.00<\/td><\/tr><tr><td>&nbsp;<\/td><td>Portierung DDI<\/td><td>CHF 500.00<\/td><\/tr><tr><td>&nbsp;<\/td><td>Portierung Einzelnummer \/ MSN<\/td><td>CHF 50.00<\/td><\/tr><tr><td>&nbsp;<\/td><td>&nbsp;<\/td><td>&nbsp;<\/td><\/tr><tr><td><strong>Monatliche Geb\u00fchren<\/strong><\/td><\/tr><tr><td>&nbsp;<\/td><td>Basis Abo megaHosted PBX<br><em>(inkl. 2 Teilnehmer &amp; 2 CTI Lizenzen)<\/em><\/td><td>&nbsp;CHF 30.00<\/td><\/tr><tr><td>&nbsp;<\/td><td>Teilnehmer inkl. CTI Lizenz<\/td><td>CHF 15.00<\/td><\/tr><tr><td>&nbsp;<\/td><td>Teilnehmer ohne CTI Lizenz<\/td><td>CHF 10.00<\/td><\/tr><tr><td>&nbsp;<\/td><td>Rufnummer<\/td><td>CHF 0.50<\/td><\/tr><tr><td>&nbsp;<\/td><td>VPN Box<\/td><td>CHF 30.00<\/td><\/tr><\/tbody><\/table><\/figure>\n\n\n\n<h2 class=\"wp-block-heading\">Gespr\u00e4chstarife<\/h2>\n\n\n\n<h5 class=\"wp-block-heading\"><strong>INLAND<\/strong><\/h5>\n\n\n\n<figure class=\"wp-block-table\"><table><tbody><tr><td><strong>Destination<\/strong><\/td><td><strong>Preis \/ Min in CHF<\/strong><\/td><\/tr><tr><td>Innerhalb des megaVOICE Netzwerks<\/td><td>0.00<\/td><\/tr><tr><td>Schweizer Festnetz<\/td><td>0.039<br>(3.9 Rappen)<\/td><\/tr><tr><td>Schweizer Mobilnetze von Swisscom, Sunrise,<br>Salt, Migros, Coop<\/td><td>0.24<\/td><\/tr><tr><td>Schweizer Mobilnetze &#8211; andere<\/td><td>0.45<\/td><\/tr><\/tbody><\/table><\/figure>\n\n\n\n<h5 class=\"wp-block-heading\"><strong>AUSLAND<\/strong><\/h5>\n\n\n\n<figure class=\"wp-block-table\"><table><tbody><tr><td>&nbsp;<\/td><td><strong>Preis \/ Min in CHF<\/strong><\/td><\/tr><tr><td><strong>Preisgruppe 1<\/strong><\/td><td><strong>Festnetz<\/strong><\/td><td>&nbsp;<strong>Mobilnetz<\/strong><\/td><\/tr><tr><td>Austria, Belgium, Canada, France, Germany, Italy, Netherlands, Norway, Spain, Sweden, United Kingdom, USA, Virgin Islands<\/td><td>&nbsp;0.05<\/td><td>&nbsp;0.40<\/td><\/tr><tr><td><strong>Preisgruppe 2<\/strong><\/td><td>&nbsp;<\/td><td>&nbsp;<\/td><\/tr><tr><td>Australia, Colombia, Croatia, Cyprus, Czech Republic, Denmark, Estonia, Finland, Georgia, Gibraltar, Greece, Hong Kong, Hungary, Iceland, India, Ireland, Israel, Japan, Korea Republic, Luxembourg, Macedonia, Monaco, New Zealand, Poland, Portugal, Puerto Rico, Romania, Russia, San Marino, Slovakia, Taiwan, Thailand, Turkey, Venezuela<\/td><td>&nbsp;0.10<\/td><td>&nbsp;0.50<\/td><\/tr><tr><td><strong>Preisgruppe 3<\/strong><\/td><td>&nbsp;<\/td><td>&nbsp;<\/td><\/tr><tr><td>Albania, Andorra, Angola, Argentina, Belarus, Bosnia, Brazil, Brunei Darussalam, Bulgaria, Guatemala, Jordan, Latvia, Lithuania, Macao, Malaysia, Moldova, Montenegro, Panama, Paraguay, Peru, Serbia, Singapore, Slovenia, South Africa, Ukraine, Vietnam<\/td><td>0.30<\/td><td>0.65<\/td><\/tr><tr><td><strong>Preisgruppe 4<\/strong><\/td><td>&nbsp;<\/td><td>&nbsp;<\/td><\/tr><tr><td>Algeria, Armenia, Azerbaijan, Bahamas, Bahrain, Bangladesh, Barbados, Belize, Benin, Bermuda, Bhutan, Bolivia, Botswana, Burkina Faso, Burundi, Cambodia, Cameroon, Cape Verde, Cayman Islands, Central Africa, Chad, Chile, China, Congo, Costa Rica, Djibouti, Dominican Republic, Ecuador, Egypt, El Salvador, Eritrea, Ethiopia, Faroe Islands, Ghana, Grenada, Guadeloupe, Guam, Guiana French, Honduras, Indonesia, Iran, Iraq, Kazakhstan, Kenya, Kuwait, Kyrgyzstan, Lebanon, Lesotho, Liberia, Libya, Liechtenstein, Malta, Martinique, Mayotte, Mexico, Micronesia, Mongolia, Morocco, Mozambique, Myanmar, Namibia, Nepal, Netherlands Antilles, Nicaragua, Niger, Nigeria, Northern Mariana, Oman, Pakistan, Palestine, Philippines, Qatar, Reunion, Rwanda, Samoa American, Samoa Western, Saudi Arabia, Senegal, Seychelles, Sri Lanka, St Kitts and Nevis, St Lucia, St Pierre and Miquelon, St Vincent Grenadines, Sudan, Suriname, Swaziland, Syria, Tajikistan, Tanzania, Tunisia, Turkmenistan, Turks and Caicos, UAE, Uganda, Uruguay, Uzbekistan, Virgin Islands British, Yemen, Zambia, Zimbabwe<\/td><td>0.50<\/td><td>0.70<\/td><\/tr><tr><td><strong>Preisgruppe 5<\/strong><\/td><td>&nbsp;<\/td><td>&nbsp;<\/td><\/tr><tr><td>Afghanistan, Anguilla, Antigua Barbuda, Aruba, Ascension, Comoros, Cote D&#8217;Ivoire, Dominica, East Timor, Equatorial Guinea, Falkland Islands, Fiji, French Polynesia, Gabon, Gambia, Greenland, Guinea (French), Guinea-Bissau, Guyana, Haiti, Jamaica, Laos, Madagascar, Malawi, Maldives, Mali, Marshall Islands, Mauritania, Mauritius, Montserrat, New Caledonia, Palau, Papua New Guinea, Sierra Leone, South Sudan, Somalia, St Helena, Togo, Tonga, Trinidad and Tobago, Tuvalu, Vanuatu, Wallis and Futuna<\/td><td>0.80<\/td><td>0.80<\/td><\/tr><tr><td><strong>Preisgruppe 6<\/strong><\/td><td>&nbsp;<\/td><td>&nbsp;<\/td><\/tr><tr><td>Australian Ex Territories, Australian Ex-Norfolk, Cook Islands, Cuba, Diego Garcia, Kiribati, Korea Dem People&#8217;s Rep, Nauru, Niue Islands, Sao Tome and Principe, Solomon Islands, Tokelau<\/td><td>1.50<\/td><td>1.50<\/td><\/tr><tr><td><strong>SATELLITEN-NETZE<\/strong><\/td><td>&nbsp;<\/td><td>&nbsp;<\/td><\/tr><tr><td>SwGMSS, Inmarsat-A-Data, Inmarsat-B, Inmarsat-BGAN, Inmarsat-M, Inmarsat-Mini M, Int&#8217;l Networks-Thuraya<\/td><td>&nbsp;<\/td><td>7.00<\/td><\/tr><tr><td>Inmarsat, Inmarsat-A, Inmarsat-BGAN-HSD, Inmarsat-B-HSD, Inmarsat-M4-HSD, Int&#8217;l Networks-EMSAT<\/td><td>&nbsp;<\/td><td>15.00<\/td><\/tr><\/tbody><\/table><\/figure>\n","protected":false},"excerpt":{"rendered":"<p>Standortunabh\u00e4ngig nutzbar Preiswerte Telefonie-Komplettl\u00f6sung (schweizweit &gt; 3000 KMU Kunden) Amtsanschluss voll integriert (unbegrenzte Sprachkan\u00e4le) Skalierbar von 1 bis 5000 Teilnehmern. Abdeckung der KMU Anforderungen:&#8211; Zeitgesteuerte Anrufverteilung&#8211; Voicemail&#8211; Sprach- und Videokonferenzl\u00f6sung (inkl. Desktopsharing)&#8211; Alarmierung \/ Evakuationsm\u00f6glichkeit&#8211; Handy App (Das B\u00fcrotelefon ist, wo Sie sind)&#8211; Softphone und Tischtelefone, sowie Dect (Funkt) Telefone m\u00f6glich&#8211; Vollumf\u00e4ngliche Fax-Integration&#8211; Gruppenschaltungen \/ [&hellip;]<\/p>\n","protected":false},"author":1,"featured_media":0,"parent":0,"menu_order":0,"comment_status":"closed","ping_status":"closed","template":"","meta":{"footnotes":""},"class_list":["post-371","page","type-page","status-publish","hentry"],"_links":{"self":[{"href":"https:\/\/megabyte.ch\/index.php?rest_route=\/wp\/v2\/pages\/371","targetHints":{"allow":["GET"]}}],"collection":[{"href":"https:\/\/megabyte.ch\/index.php?rest_route=\/wp\/v2\/pages"}],"about":[{"href":"https:\/\/megabyte.ch\/index.php?rest_route=\/wp\/v2\/types\/page"}],"author":[{"embeddable":true,"href":"https:\/\/megabyte.ch\/index.php?rest_route=\/wp\/v2\/users\/1"}],"replies":[{"embeddable":true,"href":"https:\/\/megabyte.ch\/index.php?rest_route=%2Fwp%2Fv2%2Fcomments&post=371"}],"version-history":[{"count":2,"href":"https:\/\/megabyte.ch\/index.php?rest_route=\/wp\/v2\/pages\/371\/revisions"}],"predecessor-version":[{"id":381,"href":"https:\/\/megabyte.ch\/index.php?rest_route=\/wp\/v2\/pages\/371\/revisions\/381"}],"wp:attachment":[{"href":"https:\/\/megabyte.ch\/index.php?rest_route=%2Fwp%2Fv2%2Fmedia&parent=371"}],"curies":[{"name":"wp","href":"https:\/\/api.w.org\/{rel}","templated":true}]}}